-9 + -7 + (5 - -2) + 5.
-4
What is (7 - 13 - ((-3 - -5) + 4)) + 0?
-12
What is 34 + (16 - 54 - -13)?
9
-3 - (-4 + (-3 - (4 + -2)))
6
What is the value of 0 - 6 - (-1424 - -1437)?
-19
Evaluate (-3 - 1) + (10 - (-4 + 15)) + 18.
13
Calculate -17 + 27 - (4 - (-1 + -2) - 1).
4
48 - 9 - (-1 - -21)
19
What is the value of 29 + -63 + (-6 - -32)?
-8
Calculate -19 - (24 - 49) - -13.
19
Calculate (-4 - -2) + (28 - 21).
5
Evaluate 7 + -8 + -2 + 10 + -12.
-5
Calculate 3 - -13 - (-43 + 10 + 20).
29
(-15 - (-25 + 11)) + -1
-2
Evaluate 4 + 2 + 2 + (4 - 10) + 3.
5
0 + (1 - (-5 + 1) - (-142 - -146))
1
Calculate 1 + 17 - (70 + -79).
27
What is 1 + 5 + (-12 - -12 - -7)?
13
What is (-38 - (3 - 36)) + -9?
-14
-35 + 38 + -7 + (27 - 1)
22
(-8 - -2) + -2 - (-49 + 36) - -12
17
What is -6 + (-12 - ((-14 - 0) + 4))?
-8
What is the value of 7 + (-3 - 0) + 1 + (-21 - -30)?
14
What is the value of -1 + (-6 - -3) + 4 - (74 + -55)?
-19
Evaluate -4 + -4 + 23 + -45.
-30
What is -38 + (32 - 26) - -17?
-15
What is the value of (1 + (-17 - -8) - 3) + (4 - 0)?
-7
What is 3 - -1 - (18 + -18)?
4
Calculate (43 - 1) + -19 - (20 + -2).
5
What is the value of -16 + (-21 - 1 - (95 - 109))?
-24
Evaluate 28 - 13 - (-8 + (8 - 1 - -6)).
10
(-7 - 1) + -12 + 15 + 19 + -13
1
What is the value of 18 - (12 - (-8 - -17))?
15
Evaluate (5 - 12 - -18) + 4 + 1 + -8.
8
What is -1 - 6 - (-135 + 134)?
-6
-3 + -6 - (21 - 27)
-3
What is the value of (6 - 10) + 7 - 3?
0
What is the value of (-17 - -35) + -22 + 6 + 2?
4
What is the value of 9 - (8 + 7) - (-5 + 0 + -3)?
2
What is the value of (-1 - 20) + (11 - -10)?
0
Calculate (15 - 47) + 4 + 17.
-11
What is -6 + 1 + 25 + -9 + -33?
-22
What is the value of -30 - (-11 + (11 - 1)) - -16?
-13
What is 2 + (13 - 10) - (0 + 5 + -9)?
9
Evaluate 17 + -48 + 37 + -27.
-21
What is the value of 25 - ((-5 - -32) + -2)?
0
Evaluate (23 - (-7 - -17)) + 6.
19
Evaluate (2 - 12 - -2) + 3 + 19.
14
What is 2 + -16 - -42 - 14?
14
What is the value of (-2 - (-6 + -1 + 7)) + 5?
3
What is the value of 18 - (2 - -3) - (39 - 21)?
-5
Evaluate (-5 - ((34 - 29) + (1 - 3))) + -3.
-11
What is the value of -1 - (-15 + (28 - 3) - (0 + 19))?
8
Calculate -14 - -11 - -9 - (-1 + 18).
-11
Evaluate -21 + 14 + 9 + -8.
-6
What is the value of -6 - 1 - (13 - (7 - -1))?
-12
Evaluate 15 + -6 + -18 + 19.
10
What is (1 + 6 - 19 - (0 - 6)) + 13?
7
Calculate 27 + (-60 - 10) + (18 - 6).
-31
Calculate (24 - 26) + -20 - -3.
-19
What is the value of -8 + -12 + 23 + 3 + -3 + 23?
26
Evaluate 17 + 2 + (-9 - (-13 + 14)).
9
What is the value of (2 + -5 - -6) + (-7 - -12)?
8
What is (1 - 22) + (251 - 238)?
-8
What is the value of (-1 - -2 - 17) + (35 - 22) + -14?
-17
(-8 - -15) + (2 - (2 + 0))
7
What is the value of (-16 - -17 - (-2 + 3 - 4)) + 4?
8
What is 49 + 10 + -13 + -22?
24
Evaluate 18 - ((0 - 1) + (-121 - -111)).
29
What is the value of 45 + (9 - (18 - -21))?
15
What is the value of 5 - (1 + -2) - (16 + -21)?
11
What is 19 + (7 - -8 - 24)?
10
Evaluate (54 - 42) + 0 + -8 - -12.
16
15 + -4 - 16 - ((-1 - 10) + -1)
7
What is -7 + 21 - (3 - (2 - 5))?
8
Evaluate 3 - (3 + 3 + 0) - (-4 - -12).
-11
What is the value of 24 + -1 - (13 + 12)?
-2
(-13 - -17) + -2 + (19 - (-1 + 6))
16
(13 + -25 - -24) + -23
-11
What is the value of -44 - (-49 - (-19 - 6))?
-20
What is the value of 7 + -12 + 0 + 12?
7
What is -104 + 113 - (-1 - -19)?
-9
What is -15 + (2 - -2) + 7 + -14?
-18
Calculate -1 + 1 + -3 + (-28 - (4 - 29)).
-6
-10 + 23 + -3 + -24
-14
Evaluate 1 - (10 + -3 + -7 + 5 + 3).
-7
What is -6 + 3 + -7 + 7 + -2?
-5
What is -2 + 0 - (-18 + 7)?
9
Calculate 7 - 21 - (17 + -11 + 4).
-24
Calculate -10 - (-6 - ((86 - 93) + -8 + 1)).
-18
Calculate -6 + 1 - (-40 + 49 + -24) - 2.
8
What is the value of -7 + (-5 - -14) + -1 + 3 + 2?
6
What is the value of 19 + -29 - (7 + 2 + -1)?
-18
What is the value of -42 + 6 + (0 - -8) + (3 - 1)?
-26
2 - 7 - (2 + (4 - 11))
0
Calculate 13 + 13 - (16 + -4).
14
Evaluate -2 + -1 + (1 - 10) + 4 - 7.
-15
What is the value of 25 + (7 - 23) - 1 - (6 + 0)?
2
Calculate 10 + (2 - -2) + (-8 - -11) + -6.
11
-1 - (1 - (-7 - (-8 - 8)))
7
What is 209 - 207 - (3 - (0 - -11))?
10
What is 1 - ((-3 - (6 + -6)) + 11 + -7)?
0
Evaluate -72 + 70 - (-1 - 27) - (10 + -10).
26
Calculate -22 + (26 - (-11 - -11)).
4
What is the value of -9 + 2 + -2 + (-9 - -17) + 3?
2
Calculate 19 + (-2 - 14) - (17 - -4).
-18
What is (2 - -1 - -9) + -10?
2
Evaluate -4 - (-12 - -2 - (23 + -12)).
17
8 - (-32 + 0) - 13 - 7
20
What is (0 - (6 + -10)) + -3?
1
What is (56 - 25) + 0 + (-11 - -1 - -5)?
26
Calculate 20 + (-14 - 1) + -15.
-10
What is -13 + (-14 - (-5 + -28)) - (12 - 0)?
-6
What is the value of -65 + 57 - (8 + -7 + -33 + 0)?
24
-14 - (-2 - 20) - -5
13
What is -2338 + 2350 - (0 - (-1 - -1) - -7)?
5
What is the value of (-3 - -2) + -38 + 14 + -4?
-29
Evaluate (4 - (-9 + 23 - 8)) + (-1 - -7).
4
What is 1 + 9 + 2 + 5 + 3 + -10?
10
-3 - (8 + (3 - -3 - (-9 - -47)))
21
Calculate 14 - (-2 - (2 + 9 - 8) - -6).
13
Calculate 21 - (12 + -12 + 26).
-5
-14 - (-41 + (-4 - -7) + 11)
13
Calculate (5 + 3 + -3 - (7 - -1)) + 8.
5
Calculate 4 + -1 + 0 + (8 - 10).
1
What is 18 - (-6 - (-36 + 15)) - (0 - -3)?
0
What is the value of -6 - -7 - -11 - (-5 - -4)?
13
(-13 - (-2 - 2)) + 97 + -98
-10
Calculate (5 - 2) + (49 - 30) - (1 + 1).
20
Calculate -2 + 2 + 12 + -5.
7
What is 14 - (11 + 11) - (0 + 5)?
-13
What is (-17 - -12) + (10 + -10 - -9)?
4
What is (1 - 4) + (-8 - ((6 - -3) + -15))?
-5
What is 1 + 8 - 10 - (-22 - -14)?
7
What is -3 + (8 - 17 - (-3 + 6)) - -2?
-13
What is 2 + -28 + 6 + 0 + 6?
-14
Evaluate 1 + (12 - 10) - -5.
8
What is the value of -4 + 20 + -7 - 28?
-19
3 - -20 - (-7 + 15 + -6) - 2
19
2 + 0 + (-53 - -54) + 3 + -4
2
(-16 - (-6 + (-1 - -2))) + 5 - 7
-13
What is the value of -2 - (-12 - (-4 - 5))?
1
What is the value of -8 + (-6 - (3 - 21))?
4
What is the value of 6 + -11 + (0 - 2) + 16?
9
Evaluate 332 - 368 - (-20 - 1).
-15
Evaluate -1 - (3 + 8) - (8 + -15).
-5
16 - (-10 + 1 + 5 + 1)
19
What is the value of -40 + 76 + 7 - 43?
0
Calculate 11 + -34 - -9 - -17.
3
What is 18 + (21 - 66) + 18?
-9
What is the value of -1 - 6 - ((-38 - -34) + 7) - -17?
7
What is 0 + 1 - (19 + -1 + -13) - -3?
-1
Calculate -6 + (8 - 6 - 21 - -9).
-16
Calculate -3 + 6 - (1 + (-1 - 9) + 3).
9
What is -4 + 0 + (4 + 2 - 6) + 2?
-2
What is the value of 2 + -6 - -10 - (12 + 1 - -4)?
-11
Calculate -15 + -1 + -1 + 12 + 16.
11
What is the value of -6 - (-8 + 6) - (-25 - -41)?
-20
Calculate -7 - (6 - 13) - (-6 - (0 - -3)).
9
-34 - -1 - (434 - 458)
-9
(-10 - -17) + -8 - (-1 + 1 - 9)
8
Calculate 2 - 2 - ((-1 - 9 - -3) + 3).
4
Evaluate 89 + -60 + (-13 - 1) - (-3 + 11).
7
Evaluate (-14 - (11 - 5 - (13 - 1))) + 6.
-2
1 - 17 - (261 + -288)
11
What is the value of -1 + -10 + (41 - (13 + 36))?
-19
What is the value of -12 + -12 + 8 + -13 + 41?
12
1 - (13 - 12) - 1
-1
What is the value of 4 + -1 + -72 + 92 + (-20 - 0)?
3
What is the value of (9 + -9 + 3 - 0 - -28) + -7?
24
What is 19 + 0 + -2 + -37 + (-28 - -58)?
10
Evaluate (-44 - (47 + -104)) + 2.
15
What is 29 + (-6 - 20) + 1 + 6?
10
What is -61 + 74 - (22 - 1)?
-8
Evaluate -5 + -10 + (10 - (8 + -10)).
-3
What is the value of -1 + (5 + -12 + 7 - -2)?
1
What is (5 + -13 - (-13 - (1 - 5))) + -11?
-10
Calculate 30 + -10 + -3 + -27.
-10
Calculate (1 - -1 - (1 - 5)) + (3360 - 3358).
8
Evaluate -29 - (-80 + 70 + (-1 - -11)).
-29
(-9 - (-24 - (-15 + 7))) + -6
1
What is the value of 13 - 4 - (-1 + 3 - (-12 + 21))?
16
Calculate -7 - (22 - 40) - 2.
9
What is the value of -6 + -5 + 4 + 2?
-5
Calculate (-30 - 2) + (399 - 347).
20
Evaluate -29 - -28 - (18 + (3 - (-3 - -3))).
-22
21 + 4 - (8 - -23)
-6
Calculate (-3 - -6) + (3 + -21 - -6).
-9
Evaluate (-13 - (7 + -12)) + (3 - -10 - 1).
4
What is the value of 0 - 0 - (54 - (-11 - -66))?
1
(16 - -3) + -3 + -2
14
34 + 5 + 24 + -37
26
What is (-10 - -3) + (6 - (5 + (2 - 21)))?
13
Evaluate -1 - (-5 - (-16 + -7)).
-19
What is -8 + -4 - 3 - 5 - -10?
-10
What is 2 + 2 + (24 - 16 - (3 - 0))?
9
Calculate (-11 - (-5 + (11 - 37) + 11)) + -20.
-11
-5 + 10 + -4 - 4
-3
Evaluate -3 - (3 - (28 - 24)).
-2
What is the value of (0 - 7) + (6 + -1 - -12 - 1)?
9
(-4 - (-10 + 15)) + 3 + (-6 - -5)
-7
What is the value of -18 - (-9 - 5) - (2 + (-7 - 7))?
8
What is 14 - (18 + 8 + -17 + 6)?
-1
What is the value of (-11 - 2